{"id":5721,"date":"2023-08-31T12:20:01","date_gmt":"2023-08-31T12:20:01","guid":{"rendered":"https:\/\/colorz.com.tr\/colorz\/?post_type=product&#038;p=5721"},"modified":"2026-01-19T10:37:51","modified_gmt":"2026-01-19T10:37:51","slug":"harf-balmumu-pastel-boya","status":"publish","type":"product","link":"https:\/\/colorz.com.tr\/colorz\/?product=harf-balmumu-pastel-boya","title":{"rendered":"HARF BALMUMU PASTEL BOYA"},"content":{"rendered":"<p>Motto, isim veya istedi\u011finiz herhangi bir \u015fey yazd\u0131rabilece\u011finiz harf \u015feklinde pastel boyalar\u0131m\u0131z sizinle!<\/p>\n<p>\u0130stedi\u011finiz ismi ve isimdeki harf adeti kadar pastel boyay\u0131 sepetinize ekleyerek sipari\u015finizi olu\u015fturabilirsiniz.<\/p>\n<p>5 adet temel renkten (sar\u0131, k\u0131rm\u0131z\u0131, mavi, turuncu ve ye\u015fil) olu\u015fan renk \u00e7e\u015fitlili\u011fimizle rengarenk isim paletleri olu\u015fturabilirsiniz.<\/p>\n<p>Renkler rastgele g\u00f6nderilecektir. Maalesef renk se\u00e7me opsiyonumuz yoktur.<\/p>\n<p>Tek renk olarak bir isim yazd\u0131rmak istiyorsan\u0131z notlarda belirtebilirsiniz.<\/p>\n<p>Not: \u00dcr\u00fcn fiyat\u0131 bir adet harf i\u00e7in ge\u00e7erlidir. L\u00fctfen istedi\u011finiz harf adedi miktar\u0131nca boyay\u0131 sepetinize ekledi\u011finizden emin olun.<\/p>\n","protected":false},"excerpt":{"rendered":"<p>Motto, isim veya istedi\u011finiz herhangi bir \u015fey yazd\u0131rabilece\u011finiz harf \u015feklinde pastel boyalar\u0131m\u0131z sizinle!<\/p>\n<p>\u0130stedi\u011finiz ismi ve isimdeki harf adeti kadar pastel boyay\u0131 sepetinize ekleyerek sipari\u015finizi olu\u015fturabilirsiniz.<\/p>\n<p>5 adet temel renkten (sar\u0131, k\u0131rm\u0131z\u0131, mavi, turuncu ve ye\u015fil) olu\u015fan renk \u00e7e\u015fitlili\u011fimizle rengarenk isim paletleri olu\u015fturabilirsiniz.<\/p>\n<p>Renkler rastgele g\u00f6nderilecektir. Maalesef renk se\u00e7me opsiyonumuz yoktur.<\/p>\n<p>Tek renk olarak bir isim yazd\u0131rmak istiyorsan\u0131z notlarda belirtebilirsiniz.<\/p>\n<p>Not: \u00dcr\u00fcn fiyat\u0131 bir adet harf i\u00e7in ge\u00e7erlidir. L\u00fctfen istedi\u011finiz harf adedi miktar\u0131nca boyay\u0131 sepetinize ekledi\u011finizden emin olun.<\/p>\n","protected":false},"featured_media":5727,"template":"","meta":{"site-sidebar-layout":"default","site-content-layout":"default","ast-site-content-layout":"default","site-content-style":"default","site-sidebar-style":"default","ast-global-header-display":"","ast-banner-title-visibility":"","ast-main-header-display":"","ast-hfb-above-header-display":"","ast-hfb-below-header-display":"","ast-hfb-mobile-header-display":"","site-post-title":"","ast-breadcrumbs-content":"","ast-featured-img":"","footer-sml-layout":"","theme-transparent-header-meta":"default","adv-header-id-meta":"","stick-header-meta":"","header-above-stick-meta":"","header-main-stick-meta":"","header-below-stick-meta":"","astra-migrate-meta-layouts":"set","ast-page-background-enabled":"default","ast-page-background-meta":{"desktop":{"background-color":"","background-image":"","background-repeat":"repeat","background-position":"center center","background-size":"auto","background-attachment":"scroll","background-type":"","background-media":"","overlay-type":"","overlay-color":"","overlay-opacity":"","overlay-gradient":""},"tablet":{"background-color":"","background-image":"","background-repeat":"repeat","background-position":"center center","background-size":"auto","background-attachment":"scroll","background-type":"","background-media":"","overlay-type":"","overlay-color":"","overlay-opacity":"","overlay-gradient":""},"mobile":{"background-color":"","background-image":"","background-repeat":"repeat","background-position":"center center","background-size":"auto","background-attachment":"scroll","background-type":"","background-media":"","overlay-type":"","overlay-color":"","overlay-opacity":"","overlay-gradient":""}},"ast-content-background-meta":{"desktop":{"background-color":"var(--ast-global-color-5)","background-image":"","background-repeat":"repeat","background-position":"center center","background-size":"auto","background-attachment":"scroll","background-type":"","background-media":"","overlay-type":"","overlay-color":"","overlay-opacity":"","overlay-gradient":""},"tablet":{"background-color":"var(--ast-global-color-5)","background-image":"","background-repeat":"repeat","background-position":"center center","background-size":"auto","background-attachment":"scroll","background-type":"","background-media":"","overlay-type":"","overlay-color":"","overlay-opacity":"","overlay-gradient":""},"mobile":{"background-color":"var(--ast-global-color-5)","background-image":"","background-repeat":"repeat","background-position":"center center","background-size":"auto","background-attachment":"scroll","background-type":"","background-media":"","overlay-type":"","overlay-color":"","overlay-opacity":"","overlay-gradient":""}}},"product_brand":[],"product_cat":[68,77,60],"product_tag":[],"class_list":{"0":"post-5721","1":"product","2":"type-product","3":"status-publish","4":"has-post-thumbnail","6":"product_cat-cocuk","7":"product_cat-tum-urunler","8":"product_cat-pastel-boya","9":"desktop-align-center","10":"tablet-align-center","11":"mobile-align-center","13":"first","14":"outofstock","15":"taxable","16":"shipping-taxable","17":"purchasable","18":"product-type-simple"},"_links":{"self":[{"href":"https:\/\/colorz.com.tr\/colorz\/index.php?rest_route=\/wp\/v2\/product\/5721","targetHints":{"allow":["GET"]}}],"collection":[{"href":"https:\/\/colorz.com.tr\/colorz\/index.php?rest_route=\/wp\/v2\/product"}],"about":[{"href":"https:\/\/colorz.com.tr\/colorz\/index.php?rest_route=\/wp\/v2\/types\/product"}],"wp:featuredmedia":[{"embeddable":true,"href":"https:\/\/colorz.com.tr\/colorz\/index.php?rest_route=\/wp\/v2\/media\/5727"}],"wp:attachment":[{"href":"https:\/\/colorz.com.tr\/colorz\/index.php?rest_route=%2Fwp%2Fv2%2Fmedia&parent=5721"}],"wp:term":[{"taxonomy":"product_brand","embeddable":true,"href":"https:\/\/colorz.com.tr\/colorz\/index.php?rest_route=%2Fwp%2Fv2%2Fproduct_brand&post=5721"},{"taxonomy":"product_cat","embeddable":true,"href":"https:\/\/colorz.com.tr\/colorz\/index.php?rest_route=%2Fwp%2Fv2%2Fproduct_cat&post=5721"},{"taxonomy":"product_tag","embeddable":true,"href":"https:\/\/colorz.com.tr\/colorz\/index.php?rest_route=%2Fwp%2Fv2%2Fproduct_tag&post=5721"}],"curies":[{"name":"wp","href":"https:\/\/api.w.org\/{rel}","templated":true}]}}