{"id":5717,"date":"2023-08-31T12:00:55","date_gmt":"2023-08-31T12:00:55","guid":{"rendered":"https:\/\/colorz.com.tr\/colorz\/?post_type=product&#038;p=5717"},"modified":"2026-01-19T10:37:22","modified_gmt":"2026-01-19T10:37:22","slug":"dogal-balmumu-modelleme-plakalari-seti-10-renk-oyun-hamurlari-seti","status":"publish","type":"product","link":"https:\/\/colorz.com.tr\/colorz\/?product=dogal-balmumu-modelleme-plakalari-seti-10-renk-oyun-hamurlari-seti","title":{"rendered":"DO\u011eAL BALMUMU MODELLEME PLAKALARI SET\u0130 &#8211; 10 RENK (OYUN HAMURLARI SET\u0130)"},"content":{"rendered":"<p>Balmumu Oyun Hamuru Setimiz sadece iki malzemeden olu\u015fur: Tamamen do\u011fal balmumu ve renklendiriciler.<\/p>\n<p>Balmumu yerli \u00fcreticilerden temin edilmi\u015ftir, parafin i\u00e7ermez.<\/p>\n<p>Do\u011fal ve \u00fcreticiden al\u0131nan balmumundan yap\u0131ld\u0131\u011f\u0131 i\u00e7in bal kokar.<\/p>\n<p>Kurumaz, uzun s\u00fcre muhafaza edilebilir,<\/p>\n<p>Tekrar tekrar kullan\u0131labilir.<\/p>\n<p>El yap\u0131m\u0131d\u0131r.<\/p>\n<p>T\u00fcrkiye&#8217;de \u00fcretilmi\u015ftir.<\/p>\n<p>Sertifikal\u0131d\u0131r, g\u00fcvenle kullanabilirsiniz.<\/p>\n<p>&nbsp;<\/p>\n<p><strong><em>Balmumu Oyun Hamuru Kullan\u0131m Klavuzu<\/em><\/strong><\/p>\n<p>Oyun hamuru plakas\u0131ndan bir par\u00e7a kopar\u0131n ve elinizde tutun<\/p>\n<p>Do\u011fal balmumundan gelen kokuyu i\u00e7inize \u00e7ekerken plakan\u0131n\u00a0elinizin \u0131s\u0131s\u0131yla yumu\u015famas\u0131na izin verin<\/p>\n<p>\u015eimdi istedi\u011finiz modeli olu\u015fturabilirsiniz.<\/p>\n<p>Modelinizle cam y\u00fczeyleri ve mumlar\u0131n\u0131z\u0131 dekore edebilirsiniz.<\/p>\n<div style=\"width: 1080px;\" class=\"wp-video\"><!--[if lt IE 9]><script>document.createElement('video');<\/script><![endif]-->\n<video class=\"wp-video-shortcode\" id=\"video-5717-1\" width=\"1080\" height=\"1080\" preload=\"metadata\" controls=\"controls\"><source type=\"video\/mp4\" src=\"https:\/\/colorz.com.tr\/colorz\/wp-content\/uploads\/2023\/08\/Balmumu-oyun-hamuru-kullanA\u00b1m-klavuzu-1.mp4?_=1\" \/><a href=\"https:\/\/colorz.com.tr\/colorz\/wp-content\/uploads\/2023\/08\/Balmumu-oyun-hamuru-kullanA\u00b1m-klavuzu-1.mp4\">https:\/\/colorz.com.tr\/colorz\/wp-content\/uploads\/2023\/08\/Balmumu-oyun-hamuru-kullanA\u00b1m-klavuzu-1.mp4<\/a><\/video><\/div>\n<p>&nbsp;<\/p>\n","protected":false},"excerpt":{"rendered":"<p>Balmumu Oyun Hamuru Setimiz sadece iki malzemeden olu\u015fur: Tamamen do\u011fal balmumu ve renklendiriciler.<\/p>\n<p>Balmumu yerli \u00fcreticilerden temin edilmi\u015ftir, parafin i\u00e7ermez.<\/p>\n<p>Do\u011fal ve \u00fcreticiden al\u0131nan balmumundan yap\u0131ld\u0131\u011f\u0131 i\u00e7in bal kokar.<\/p>\n<p>Kurumaz, uzun s\u00fcre muhafaza edilebilir,<\/p>\n<p>Tekrar tekrar kullan\u0131labilir.<\/p>\n<p>El yap\u0131m\u0131d\u0131r.<\/p>\n<p>T\u00fcrkiye&#8217;de \u00fcretilmi\u015ftir.<\/p>\n<p>Sertifikal\u0131d\u0131r, g\u00fcvenle kullanabilirsiniz.<\/p>\n<p>&nbsp;<\/p>\n<p><strong><em>Balmumu Oyun Hamuru Kullan\u0131m Klavuzu<\/em><\/strong><\/p>\n<p>Oyun hamuru plakas\u0131ndan bir par\u00e7a kopar\u0131n ve elinizde tutun<\/p>\n<p>Do\u011fal balmumundan gelen kokuyu i\u00e7inize \u00e7ekerken plakan\u0131n\u00a0elinizin \u0131s\u0131s\u0131yla yumu\u015famas\u0131na izin verin<\/p>\n<p>\u015eimdi istedi\u011finiz modeli olu\u015fturabilirsiniz.<\/p>\n<p>Modelinizle cam y\u00fczeyleri ve mumlar\u0131n\u0131z\u0131 dekore edebilirsiniz.<\/p>\n","protected":false},"featured_media":6323,"template":"","meta":{"site-sidebar-layout":"default","site-content-layout":"default","ast-site-content-layout":"default","site-content-style":"default","site-sidebar-style":"default","ast-global-header-display":"","ast-banner-title-visibility":"","ast-main-header-display":"","ast-hfb-above-header-display":"","ast-hfb-below-header-display":"","ast-hfb-mobile-header-display":"","site-post-title":"","ast-breadcrumbs-content":"","ast-featured-img":"","footer-sml-layout":"","theme-transparent-header-meta":"default","adv-header-id-meta":"","stick-header-meta":"","header-above-stick-meta":"","header-main-stick-meta":"","header-below-stick-meta":"","astra-migrate-meta-layouts":"set","ast-page-background-enabled":"default","ast-page-background-meta":{"desktop":{"background-color":"","background-image":"","background-repeat":"repeat","background-position":"center center","background-size":"auto","background-attachment":"scroll","background-type":"","background-media":"","overlay-type":"","overlay-color":"","overlay-opacity":"","overlay-gradient":""},"tablet":{"background-color":"","background-image":"","background-repeat":"repeat","background-position":"center center","background-size":"auto","background-attachment":"scroll","background-type":"","background-media":"","overlay-type":"","overlay-color":"","overlay-opacity":"","overlay-gradient":""},"mobile":{"background-color":"","background-image":"","background-repeat":"repeat","background-position":"center center","background-size":"auto","background-attachment":"scroll","background-type":"","background-media":"","overlay-type":"","overlay-color":"","overlay-opacity":"","overlay-gradient":""}},"ast-content-background-meta":{"desktop":{"background-color":"var(--ast-global-color-5)","background-image":"","background-repeat":"repeat","background-position":"center center","background-size":"auto","background-attachment":"scroll","background-type":"","background-media":"","overlay-type":"","overlay-color":"","overlay-opacity":"","overlay-gradient":""},"tablet":{"background-color":"var(--ast-global-color-5)","background-image":"","background-repeat":"repeat","background-position":"center center","background-size":"auto","background-attachment":"scroll","background-type":"","background-media":"","overlay-type":"","overlay-color":"","overlay-opacity":"","overlay-gradient":""},"mobile":{"background-color":"var(--ast-global-color-5)","background-image":"","background-repeat":"repeat","background-position":"center center","background-size":"auto","background-attachment":"scroll","background-type":"","background-media":"","overlay-type":"","overlay-color":"","overlay-opacity":"","overlay-gradient":""}}},"product_brand":[],"product_cat":[68,77,72],"product_tag":[],"class_list":{"0":"post-5717","1":"product","2":"type-product","3":"status-publish","4":"has-post-thumbnail","6":"product_cat-cocuk","7":"product_cat-tum-urunler","8":"product_cat-waldorfsanaturunleri","9":"desktop-align-center","10":"tablet-align-center","11":"mobile-align-center","13":"first","14":"instock","15":"taxable","16":"shipping-taxable","17":"purchasable","18":"product-type-simple"},"_links":{"self":[{"href":"https:\/\/colorz.com.tr\/colorz\/index.php?rest_route=\/wp\/v2\/product\/5717","targetHints":{"allow":["GET"]}}],"collection":[{"href":"https:\/\/colorz.com.tr\/colorz\/index.php?rest_route=\/wp\/v2\/product"}],"about":[{"href":"https:\/\/colorz.com.tr\/colorz\/index.php?rest_route=\/wp\/v2\/types\/product"}],"wp:featuredmedia":[{"embeddable":true,"href":"https:\/\/colorz.com.tr\/colorz\/index.php?rest_route=\/wp\/v2\/media\/6323"}],"wp:attachment":[{"href":"https:\/\/colorz.com.tr\/colorz\/index.php?rest_route=%2Fwp%2Fv2%2Fmedia&parent=5717"}],"wp:term":[{"taxonomy":"product_brand","embeddable":true,"href":"https:\/\/colorz.com.tr\/colorz\/index.php?rest_route=%2Fwp%2Fv2%2Fproduct_brand&post=5717"},{"taxonomy":"product_cat","embeddable":true,"href":"https:\/\/colorz.com.tr\/colorz\/index.php?rest_route=%2Fwp%2Fv2%2Fproduct_cat&post=5717"},{"taxonomy":"product_tag","embeddable":true,"href":"https:\/\/colorz.com.tr\/colorz\/index.php?rest_route=%2Fwp%2Fv2%2Fproduct_tag&post=5717"}],"curies":[{"name":"wp","href":"https:\/\/api.w.org\/{rel}","templated":true}]}}